2, 7628339
What are the prime factors of 607043?
607043
List the prime factors of 7133313.
3, 11, 43, 457
What are the prime factors of 1272095?
5, 11, 101, 229
What are the prime factors of 11832527?
7, 17, 5849
What are the prime factors of 14430582?
2, 3, 267233
List the prime factors of 1132659.
3, 11, 17, 673
What are the prime factors of 47999?
7, 6857
List the prime factors of 4654195.
5, 7, 13, 53, 193
What are the prime factors of 653116?
2, 67, 2437
List the prime factors of 183775.
5, 7351
What are the prime factors of 2991838?
2, 1495919
List the prime factors of 4797983.
43, 111581
What are the prime factors of 522310?
2, 5, 19, 2749
List the prime factors of 105832.
2, 13229
List the prime factors of 3549207.
3, 241, 4909
List the prime factors of 558233.
13, 23, 1867
What are the prime factors of 711006?
2, 3, 163, 727
What are the prime factors of 623427?
3, 7, 4241
List the prime factors of 52799.
37, 1427
What are the prime factors of 10838224?
2, 421, 1609
List the prime factors of 339625.
5, 11, 13, 19
List the prime factors of 138779.
107, 1297
What are the prime factors of 10994217?
3, 13, 19, 37, 401
List the prime factors of 21170370.
2, 3, 5, 13, 19, 2857
List the prime factors of 15958524.
2, 3, 277, 4801
List the prime factors of 16524604.
2, 19, 217429
List the prime factors of 39518.
2, 19759
What are the prime factors of 5439878?
2, 29, 71, 1321
What are the prime factors of 1971286?
2, 17, 37, 1567
What are the prime factors of 209156?
2, 52289
List the prime factors of 4611966.
2, 3, 61, 12601
What are the prime factors of 312916?
2, 78229
What are the prime factors of 1666017?
3, 17, 10889
List the prime factors of 1396875.
3, 5, 149
What are the prime factors of 57127?
7, 8161
List the prime factors of 151091.
151091
What are the prime factors of 23424?
2, 3, 61
What are the prime factors of 120964?
2, 30241
List the prime factors of 1427955.
3, 5, 23, 4139
List the prime factors of 146962.
2, 197, 373
List the prime factors of 228090.
2, 3, 5, 7603
List the prime factors of 227163.
3, 75721
List the prime factors of 2136819.
3, 479, 1487
List the prime factors of 1105809.
3, 83, 4441
What are the prime factors of 589988?
2, 7, 19, 1109
List the prime factors of 223838.
2, 111919
What are the prime factors of 657956?
2, 13, 12653
What are the prime factors of 8950645?
5, 11, 162739
What are the prime factors of 4558289?
37, 349, 353
What are the prime factors of 279300?
2, 3, 5, 7, 19
List the prime factors of 1954950.
2, 3, 5, 13033
List the prime factors of 167493.
3, 31, 1801
What are the prime factors of 1814413?
1814413
What are the prime factors of 4632144?
2, 3, 11, 31, 283
What are the prime factors of 114702?
2, 3, 7, 2731
List the prime factors of 1321555.
5, 53, 4987
What are the prime factors of 46700?
2, 5, 467
What are the prime factors of 8343058?
2, 139, 30011
What are the prime factors of 1878732?
2, 3, 23, 2269
What are the prime factors of 94187?
97, 971
List the prime factors of 2936806.
2, 1468403
List the prime factors of 479312.
2, 29, 1033
What are the prime factors of 17379046?
2, 839, 10357
What are the prime factors of 239518?
2, 119759
What are the prime factors of 10203858?
2, 3, 7, 23, 503
What are the prime factors of 12909648?
2, 3, 449, 599
What are the prime factors of 1198563?
3, 67, 89
List the prime factors of 1383870.
2, 3, 5, 163, 283
List the prime factors of 395152.
2, 24697
List the prime factors of 965970.
2, 3, 5, 10733
List the prime factors of 5674282.
2, 2837141
What are the prime factors of 9229454?
2, 13, 354979
What are the prime factors of 26808654?
2, 3, 4468109
What are the prime factors of 6366258?
2, 3, 353681
What are the prime factors of 24752506?
2, 59, 209767
List the prime factors of 295327.
227, 1301
What are the prime factors of 1123658?
2, 561829
What are the prime factors of 1829943?
3, 127, 1601
List the prime factors of 22232881.
11, 23, 87877
What are the prime factors of 5616?
2, 3, 13
List the prime factors of 1224176.
2, 76511
What are the prime factors of 2669793?
3, 7, 127133
List the prime factors of 13394379.
3, 4464793
What are the prime factors of 14837723?
14837723
List the prime factors of 233193.
3, 77731
What are the prime factors of 2405474?
2, 61, 19717
What are the prime factors of 606364?
2, 11, 13781
What are the prime factors of 414809?
414809
List the prime factors of 5376756.
2, 3, 7, 11, 23
List the prime factors of 9068405.
5, 1813681
What are the prime factors of 3594648?
2, 3, 19, 7883
What are the prime factors of 2556916?
2, 101, 6329
List the prime factors of 159468.
2, 3, 97, 137
What are the prime factors of 6682334?
2, 3341167
List the prime factors of 829948.
2, 7, 29641
What are the prime factors of 3443452?
2, 17, 79, 641
List the prime factors of 1870383.
3, 23, 27107
List the prime factors of 12206.
2, 17, 359
What are the prime factors of 1031365?
5, 206273
List the prime factors of 30654850.
2, 5, 613097
What are the prime factors of 26841192?
2, 3, 7, 159769
List the prime factors of 920404.
2, 230101
What are the prime factors of 8573674?
2, 19, 41, 5503
List the prime factors of 277169.
277169
What are the prime factors of 5644421?
5644421
What are the prime factors of 1148049?
3, 7, 18223
List the prime factors of 5802090.
2, 3, 5, 7, 3947
What are the prime factors of 518440?
2, 5, 13, 997
List the prime factors of 179764.
2, 13, 3457
What are the prime factors of 22663780?
2, 5, 1133189
List the prime factors of 8887849.
8887849
List the prime factors of 2132623.
277, 7699
List the prime factors of 11111882.
2, 61, 91081
What are the prime factors of 1660314?
2, 3, 167, 1657
What are the prime factors of 34306302?
2, 3, 373, 15329
List the prime factors of 179673.
3, 13, 17, 271
What are the prime factors of 943120?
2, 5, 11789
List the prime factors of 2333728.
2, 233, 313
What are the prime factors of 36230322?
2, 3, 853, 7079
List the prime factors of 1163483.
1163483
List the prime factors of 5194725.
3, 5, 69263
List the prime factors of 689096.
2, 86137
What are the prime factors of 9186224?
2, 89, 6451
List the prime factors of 6283053.
3, 7, 19, 29, 181
List the prime factors of 3264961.
7, 466423
List the prime factors of 6041538.
2, 3, 335641
What are the prime factors of 212949?
3, 11, 239
List the prime factors of 2279029.
71, 32099
What are the prime factors of 9293089?
13, 714853
List the prime factors of 5025598.
2, 211, 11909
What are the prime factors of 914041?
914041
What are the prime factors of 10676415?
3, 5, 197, 3613
List the prime factors of 11015275.
5, 23, 19157
What are the prime factors of 253042?
2, 19, 6659
What are the prime factors of 2526984?
2, 3, 11699
List the prime factors of 204094.
2, 11, 9277
List the prime factors of 1367814.
2, 3, 7, 29, 1123
List the prime factors of 4254914.
2, 347, 6131
What are the prime factors of 328809?
3, 13, 8431
What are the prime factors of 58394?
2, 7, 43, 97
List the prime factors of 174778.
2, 31, 2819
List the prime factors of 7860410.
2, 5, 71, 11071
What are the prime factors of 2410269?
3, 131, 6133
What are the prime factors of 12265419?
3, 53, 77141
What are the prime factors of 18433616?
2, 739, 1559
List the prime factors of 5099561.
73, 69857
List the prime factors of 432994.
2, 149, 1453
What are the prime factors of 617951?
617951
What are the prime factors of 4524575?
5, 11, 16453
List the prime factors of 476581.
7, 103, 661
What are the prime factors of 861116?
2, 215279
List the prime factors of 712173.
3, 7, 11, 3083
What are the prime factors of 91631?
91631
What are the prime factors of 10128373?
2693, 3761
List the prime factors of 892590.
2, 3, 5, 29753
List the prime factors of 333448.
2, 41681
List the prime factors of 477614.
2, 47, 5081
What are the prime factors of 856350?
2, 3, 5, 11, 173
What are the prime factors of 3951936?
2, 3, 2287
What are the prime factors of 88049?
13, 521
What are the prime factors of 403829?
403829
List the prime factors of 419443.
419443
List the prime factors of 992799.
3, 110311
What are the prime factors of 2822689?
2822689
List the prime factors of 13910341.
641, 21701
List the prime factors of 359989.
7, 51427
List the prime factors of 84561.
3, 71, 397
What are th